ommon divisor of 3024 and 297?
27
Calculate the greatest common factor of 1124670 and 420.
30
Calculate the greatest common divisor of 15 and 212255.
5
Calculate the highest common divisor of 2305 and 15.
5
Calculate the greatest common divisor of 20951703 and 453.
453
Calculate the greatest common divisor of 975 and 1157325.
975
Calculate the greatest common factor of 490 and 2240.
70
What is the greatest common factor of 2040 and 230?
10
Calculate the highest common divisor of 64695 and 2565.
285
What is the highest common divisor of 48 and 212880?
48
Calculate the highest common factor of 17 and 5899.
17
Calculate the greatest common factor of 405 and 39420.
135
Calculate the greatest common divisor of 96002 and 184.
46
What is the highest common factor of 2274 and 75?
3
Calculate the greatest common divisor of 308132 and 94.
94
What is the greatest common divisor of 62458 and 1870?
374
Calculate the greatest common divisor of 14586902 and 1661.
1661
What is the greatest common divisor of 290 and 6972470?
290
What is the greatest common factor of 77103 and 9?
9
Calculate the greatest common divisor of 3124994 and 118.
118
What is the highest common factor of 4275 and 588753?
171
What is the greatest common factor of 538 and 1197319?
269
Calculate the highest common factor of 2230680 and 360.
120
Calculate the greatest common factor of 480 and 51540.
60
Calculate the greatest common divisor of 3432 and 49016.
88
Calculate the greatest common factor of 112 and 3455536.
112
What is the highest common factor of 1261 and 197249?
13
Calculate the highest common factor of 838489 and 19.
19
What is the greatest common factor of 1863294 and 158?
158
Calculate the greatest common factor of 3231 and 1089.
9
Calculate the highest common divisor of 4512 and 530442.
282
What is the greatest common divisor of 212972 and 8732?
148
Calculate the greatest common divisor of 26 and 783614.
26
What is the greatest common factor of 13775 and 53447?
551
Calculate the highest common factor of 4 and 834372.
4
Calculate the highest common divisor of 24431 and 1375.
11
Calculate the greatest common divisor of 489 and 4647.
3
What is the greatest common factor of 54 and 2753514?
54
Calculate the highest common divisor of 180 and 22720.
20
Calculate the greatest common factor of 1978 and 437.
23
Calculate the greatest common factor of 14213 and 122.
61
Calculate the highest common factor of 838018 and 244.
122
What is the highest common factor of 10 and 2069450?
10
Calculate the highest common divisor of 74205 and 31365.
765
Calculate the greatest common factor of 47357 and 1334.
667
Calculate the highest common factor of 813437 and 302.
151
Calculate the highest common divisor of 37940 and 266664.
1084
Calculate the highest common factor of 1626 and 258.
6
What is the highest common factor of 8 and 12968?
8
What is the greatest common divisor of 2088 and 80712?
72
Calculate the greatest common divisor of 2 and 55294.
2
What is the greatest common divisor of 4320 and 1168?
16
Calculate the greatest common factor of 32976 and 32.
16
What is the highest common divisor of 84479 and 161?
23
Calculate the highest common divisor of 57664 and 15052.
212
What is the greatest common factor of 29346 and 2814?
402
Calculate the greatest common divisor of 85 and 6015.
5
What is the highest common factor of 8172 and 763628?
908
Calculate the highest common divisor of 272 and 7191.
17
Calculate the highest common factor of 993 and 65207.
331
Calculate the greatest common divisor of 62 and 11222.
62
Calculate the greatest common factor of 5197386 and 6.
6
What is the greatest common divisor of 264 and 59016?
24
What is the highest common divisor of 72 and 1377?
9
What is the greatest common factor of 47775 and 4263?
147
Calculate the greatest common divisor of 190 and 13946.
38
What is the highest common factor of 1099308 and 17388?
1932
What is the greatest common factor of 23769 and 144?
9
What is the highest common factor of 304 and 4750?
38
What is the highest common divisor of 2712 and 5763?
339
What is the highest common factor of 549 and 1989?
9
Calculate the highest common divisor of 78574 and 782.
34
Calculate the greatest common divisor of 230 and 660.
10
Calculate the greatest common divisor of 5705 and 136105.
815
What is the highest common factor of 12464 and 3280?
656
What is the greatest common divisor of 36 and 133932?
12
What is the highest common divisor of 12984 and 32616?
24
Calculate the highest common divisor of 12 and 112092.
12
What is the highest common factor of 110 and 330110?
110
What is the highest common factor of 15904 and 473641?
497
What is the greatest common factor of 78 and 199797?
39
What is the highest common factor of 1666 and 64498?
238
What is the greatest common divisor of 120 and 22740?
60
What is the greatest common factor of 2730 and 11895?
195
What is the greatest common factor of 73 and 1286?
1
Calculate the greatest common divisor of 2208 and 231564.
276
What is the greatest common divisor of 2261133 and 504?
63
Calculate the greatest common factor of 572 and 2550119.
143
Calculate the highest common factor of 1955 and 79390.
85
Calculate the highest common divisor of 736 and 392.
8
What is the greatest common factor of 1899 and 22366?
211
Calculate the highest common factor of 511 and 147679.
511
Calculate the greatest common divisor of 4894995 and 210.
105
What is the greatest common divisor of 121382 and 4658?
274
What is the greatest common factor of 3206 and 48548?
458
What is the highest common factor of 6316434 and 54?
54
Calculate the greatest common divisor of 16641 and 4851.
9
What is the highest common factor of 2457 and 144781?
91
What is the highest common factor of 7898 and 396?
22
What is the greatest common divisor of 85 and 1220430?
85
What is the greatest common divisor of 2158 and 32536?
166
Calculate the greatest common factor of 634011 and 2043.
681
What is the highest common factor of 2294 and 5177?
31
Calculate the highest common divisor of 31571 and 20244.
241
Calculate the greatest common divisor of 342 and 1325098.
38
What is the highest common divisor of 42253 and 77314?
899
What is the greatest common divisor of 123643 and 13?
13
What is the highest common factor of 1204 and 18361?
301
Calculate the greatest common factor of 6682 and 58082.
514
What is the greatest common divisor of 292350 and 30?
30
Calculate the highest common divisor of 580 and 66410.
290
Calculate the greatest common divisor of 150 and 97950.
150
What is the highest common factor of 5320 and 75880?
280
What is the highest common factor of 1602 and 1428183?
801
What is the greatest common factor of 3050 and 12800?
50
Calculate the greatest common divisor of 650 and 147225.
325
What is the highest common factor of 5566 and 1679?
23
Calculate the highest common factor of 1936 and 2430164.
484
Calculate the greatest common divisor of 28 and 200.
4
Calculate the greatest common divisor of 174480 and 104.
8
What is the greatest common factor of 151725 and 34425?
1275
Calculate the greatest common divisor of 669 and 75.
3
Calculate the highest common divisor of 6330 and 1110.
30
What is the greatest common factor of 168 and 37912?
56
What is the highest common divisor of 228 and 35232?
12
What is the highest common factor of 2 and 240?
2
Calculate the greatest common factor of 3604 and 3893.
17
What is the greatest common factor of 5 and 88965?
5
Calculate the greatest common factor of 282 and 15432.
6
Calculate the highest common divisor of 15635 and 1475.
295
What is the highest common factor of 1017287 and 302?
151
Calculate the greatest common divisor of 8274 and 3192.
42
Calculate the highest common factor of 3186123 and 34.
17
Calculate the highest common divisor of 9696 and 576.
96
Calculate the highest common factor of 10777 and 52.
13
What is the highest common factor of 197600 and 9386?
494
Calculate the highest common divisor of 760 and 28348.
76
What is the highest common divisor of 48909 and 105?
21
What is the highest common divisor of 28 and 82733?
7
What is the greatest common divisor of 2020 and 1818?
202
Calculate the highest common factor of 4041 and 1629.
9
Calculate the greatest common factor of 92625 and 60.
15
What is